False
Is 18317627 a composite number?
True
Is 21989861 a prime number?
True
Is 161337521 a composite number?
False
Is 230387761 prime?
True
Is 15904447 prime?
False
Is 176379809 a prime number?
True
Is 55607107 prime?
False
Is 633559 a composite number?
False
Is 129841 prime?
True
Is 263013 a prime number?
False
Is 11272477 composite?
True
Is 98645219 prime?
False
Is 37496891 a composite number?
True
Is 5258859 composite?
True
Is 1015387 composite?
True
Is 15666037 a composite number?
True
Is 772439 composite?
False
Is 51414569 a composite number?
True
Is 50347513 a prime number?
True
Is 277423 a prime number?
False
Is 9297881 composite?
False
Is 17206847 composite?
True
Is 2809409 a prime number?
True
Is 12791393 prime?
True
Is 293685001 a prime number?
False
Is 783931 a composite number?
False
Is 1600993 a prime number?
True
Is 114460979 composite?
False
Is 225679 a composite number?
True
Is 26393201 a prime number?
True
Is 236744371 prime?
False
Is 799949 a prime number?
True
Is 1486111 a composite number?
True
Is 15533039 a composite number?
True
Is 153790601 prime?
False
Is 5242781 prime?
False
Is 4208497 composite?
True
Is 2139829 a prime number?
True
Is 3949643 prime?
True
Is 7005077 a prime number?
True
Is 13672205 a prime number?
False
Is 25100039 composite?
False
Is 2024439 prime?
False
Is 64902697 a composite number?
False
Is 49354367 a composite number?
False
Is 11186233 a prime number?
False
Is 4329697 composite?
False
Is 64733 a prime number?
False
Is 6462098 a prime number?
False
Is 17369369 composite?
True
Is 8674667 prime?
True
Is 100057759 a composite number?
True
Is 37728923 composite?
False
Is 3032063 a composite number?
False
Is 97346531 a composite number?
True
Is 4525601 a composite number?
False
Is 345566867 prime?
False
Is 136849187 a prime number?
True
Is 3211007 a composite number?
True
Is 103186337 composite?
True
Is 265815469 a prime number?
True
Is 18563683 prime?
False
Is 2106733 composite?
False
Is 18777013 prime?
True
Is 5682379 prime?
True
Is 72553699 composite?
False
Is 572449 a composite number?
False
Is 36688165 composite?
True
Is 98317083 a prime number?
False
Is 416170409 composite?
True
Is 1065241 a composite number?
True
Is 54620261 composite?
False
Is 107821477 a composite number?
True
Is 180046649 a prime number?
True
Is 80089109 a prime number?
True
Is 15131783 a prime number?
True
Is 37497893 a prime number?
False
Is 12638953 prime?
True
Is 224871233 prime?
False
Is 1696943 composite?
False
Is 1588823 a composite number?
True
Is 2517181 a prime number?
False
Is 100760791 prime?
False
Is 44775343 composite?
True
Is 109080331 composite?
False
Is 4575469 a composite number?
False
Is 51164194 a prime number?
False
Is 2008763 a composite number?
False
Is 189095717 prime?
False
Is 7208237 prime?
False
Is 1082 a composite number?
True
Is 59911799 a prime number?
True
Is 622027 composite?
True
Is 59892317 a prime number?
True
Is 26854565 prime?
False
Is 14548682 composite?
True
Is 537076937 a composite number?
True
Is 25195837 prime?
False
Is 6434761 prime?
False
Is 10167457 a prime number?
False
Is 137133313 a prime number?
False
Is 881495 a prime number?
False
Is 311709 a prime number?
False
Is 159932587 a composite number?
True
Is 1186727 composite?
True
Is 212780441 prime?
True
Is 70245827 a composite number?
True
Is 6305807 composite?
True
Is 10194929 composite?
True
Is 39926407 prime?
True
Is 540061 prime?
True
Is 15238981 a prime number?
False
Is 582997955 composite?
True
Is 178442062 prime?
False
Is 7942601 composite?
False
Is 8969347 a composite number?
False
Is 7219 prime?
True
Is 852083 a composite number?
True
Is 2810887 a composite number?
True
Is 289087 a prime number?
False
Is 6787799 composite?
False
Is 78206455 prime?
False
Is 92986393 composite?
False
Is 27761171 a prime number?
False
Is 60052871 a prime number?
True
Is 190469 prime?
False
Is 2096261 a composite number?
False
Is 327849593 composite?
False
Is 17029537 a prime number?
False
Is 155652041 a composite number?
True
Is 21567127 a prime number?
False
Is 32696947 prime?
True
Is 15541 composite?
False
Is 2259211 composite?
False
Is 8668939 a prime number?
False
Is 34020509 prime?
False
Is 940897 composite?
True
Is 3157807 a prime number?
True
Is 48134981 a composite number?
False
Is 485101 prime?
True
Is 52397585 composite?
True
Is 731099 a composite number?
True
Is 11513263 a composite number?
False
Is 4075873 a prime number?
False
Is 21975487 a composite number?
False
Is 1718993 composite?
True
Is 28070831 a composite number?
False
Is 7577491 a prime number?
True
Is 818302483 a composite number?
True
Is 24004039 prime?
False
Is 16155103 prime?
True
Is 127470269 a composite number?
True
Is 26743069 composite?
False
Is 647141 a composite number?
True
Is 59436497 a prime number?
True
Is 21166711 a prime number?
True
Is 320256691 composite?
True
Is 72605207 a prime number?
True
Is 565022977 a composite number?
False
Is 364979 prime?
True
Is 225853933 a composite number?
False
Is 627887 composite?
True
Is 71053393 a prime number?
False
Is 26455571 a prime number?
False
Is 259054183 a prime number?
True
Is 22572471 a composite number?
True
Is 15362871 a prime number?
False
Is 3393493 a composite number?
True
Is 2137613 a prime number?
True
Is 150428797 prime?
True
Is 49252409 a composite number?
False
Is 400701065 a composite number?
True
Is 5834797 a prime number?
True
Is 113201329 composite?
False
Is 452131663 a composite number?
True
Is 61867339 prime?
False
Is 6959957 composite?
False
Is 41024743 composite?
True
Is 10312873 a composite number?
False
Is 1056890027 composite?
False
Is 13648429 prime?
True
Is 183690399 composite?
True
Is 45716969 a composite number?
False
Is 540479 composite?
True
Is 206177 composite?
False
Is 3834703 a composite number?
False
Is 487189 a composite number?
True
Is 6517387 composite?
True
Is 197198077 a composite number?
True
Is 270759607 composite?
False
Is 26022253 composite?
True
Is 29375603 a prime number?
True
Is 19525213 a prime number?
False
Is 18025071 composite?
True
Is 1070057 prime?
False
Is 49015271 a prime number?
True
Is 27533813 composite?
True
Is 4483957 prime?
True
Is 206844709 composite?
False
Is 226796923 a composite number?
True
Is 114132797 composite?
True
Is 86626517 a prime number?
True
Is 32905 composite?
True
Is 17331637 composite?
False
Is 396157 a prime number?
True
Is 10412463 prime?
False
Is 34615489 a composite number?
False
Is 86485303 prime?
True
Is 236766601 composite?
False
Is 32675473 a composite number?
False
Is 659731 a composite number?
True
Is 2025281 composite?
False
Is 272444659 a prime number?
False
Is 127841447 composite?
True
Is 90544079 prime?
True
Is 8027807 a prime number?
True
Is 46629719 a prime number?
True
Is 811169 a prime number?
False
Is 6575009 a prime number?
False
Is 58907743 prime?
False
Is 2727649 a prime number?
False
Is 4341643 composite?
True
Is 117319001 prime?
True
Is 1286027 a composite number?
True
Is 35347489 a composite number?
False
Is 9504839 a prime number?
True
Is 44267083 a composite number?
True
Is 106762583 prime?
True
Is 941711 prime?
False
Is 17918569 composite?
False
Is 49159139 prime?
True
Is 120708389 a composite number?
True
Is 43600091 composite?
False
Is 1153337 prime?
True
Is 87473 composite?
False
Is 4420947 prime?
False
Is 22719919 a composite number?
True
Is 35582181 a composite number?
True
Is 559943 composite?
True
Is 1714855 composite?
True
Is 24253423 composite?
False
Is 14418227 a prime number?
False
Is 2980217 a composite number?
False
Is 40496303 a composite number?
False
Is 181123 composite?
False
Is 156948047 a prime number?
False
Is 79366171 prime?
True
Is 27400283 composite?
True
Is 2938151 a prime number?
False
Is 226679 prime?
False
Is 25673789 a composite number?
False
Is 7198081 a composite number?
True
Is 74571233 a composite number?
True
Is 1132643035 a composite number?
True
Is 3051021 a composite number?
True
Is 31243 a composite number?
True
Is 53348354 a prime number?
False
Is 6526409 a composite number?
False
Is 8915519 a composite number?
False
Is 1051811 composite?
False
Is 404467 a composite number?
True
Is 7678733 prime?
True
Is 8612473 composite?
False
Is 98359871 prime?
True
Is 5900614